
45
Calculate the greatest common factor of 6 and 726.
6
What is the greatest common divisor of 66 and 429?
33
Calculate the highest common divisor of 31 and 8928.
31
What is the highest common factor of 327 and 763?
109
Calculate the greatest common factor of 517 and 44.
11
Calculate the highest common factor of 13288 and 88.
88
What is the highest common divisor of 8 and 14400?
8
What is the greatest common factor of 1710 and 90?
90
What is the greatest common factor of 80 and 5?
5
What is the highest common factor of 207 and 153?
9
Calculate the greatest common factor of 43 and 688.
43
Calculate the highest common factor of 80 and 80.
80
Calculate the greatest common factor of 50 and 13000.
50
Calculate the greatest common factor of 23 and 161.
23
Calculate the highest common factor of 36 and 284.
4
Calculate the greatest common factor of 124 and 20.
4
Calculate the greatest common divisor of 1053 and 39.
39
What is the highest common factor of 144 and 11904?
48
Calculate the highest common divisor of 172 and 2236.
172
What is the highest common divisor of 1378 and 1166?
106
What is the greatest common divisor of 217 and 62?
31
Calculate the highest common divisor of 240 and 1500.
60
What is the highest common divisor of 1008 and 1152?
144
Calculate the greatest common factor of 1954 and 2.
2
What is the highest common divisor of 11870 and 10?
10
Calculate the highest common divisor of 105 and 3815.
35
What is the greatest common factor of 43732 and 104?
52
What is the greatest common divisor of 632 and 208?
8
What is the highest common divisor of 9583 and 2331?
259
What is the highest common factor of 513 and 54?
27
What is the greatest common factor of 64 and 192?
64
What is the highest common factor of 1620 and 20?
20
Calculate the highest common divisor of 12128 and 32.
32
What is the greatest common factor of 46 and 14053?
23
Calculate the highest common divisor of 2544 and 48.
48
What is the greatest common divisor of 109 and 3?
1
Calculate the highest common divisor of 63 and 20853.
63
What is the highest common factor of 40 and 40?
40
What is the greatest common factor of 592 and 32?
16
Calculate the greatest common factor of 9 and 10737.
9
Calculate the highest common factor of 24 and 1842.
6
Calculate the greatest common divisor of 2010 and 60.
30
Calculate the highest common divisor of 244 and 1586.
122
What is the greatest common divisor of 63 and 2?
1
Calculate the highest common divisor of 536 and 201.
67
What is the highest common factor of 315 and 175?
35
Calculate the greatest common factor of 8 and 2488.
8
Calculate the highest common divisor of 16 and 464.
16
What is the greatest common divisor of 376 and 40?
8
Calculate the greatest common factor of 28 and 3766.
14
What is the highest common divisor of 19413 and 108?
27
Calculate the highest common factor of 28 and 626.
2
What is the highest common factor of 117 and 4437?
9
What is the greatest common divisor of 144 and 27?
9
Calculate the greatest common divisor of 80 and 12.
4
Calculate the highest common divisor of 100 and 3175.
25
What is the greatest common divisor of 81 and 2403?
27
Calculate the greatest common divisor of 901 and 583.
53
What is the greatest common factor of 13059 and 9?
9
Calculate the highest common divisor of 2738 and 148.
74
What is the greatest common divisor of 78 and 3939?
39
Calculate the greatest common factor of 2924 and 17.
17
What is the greatest common factor of 12 and 10596?
12
What is the greatest common divisor of 9163 and 98?
49
Calculate the highest common divisor of 476 and 28.
28
Calculate the greatest common divisor of 66 and 36.
6
Calculate the greatest common divisor of 12404 and 28.
28
Calculate the highest common factor of 603 and 737.
67
Calculate the greatest common divisor of 826 and 245.
7
Calculate the greatest common divisor of 14 and 22526.
14
Calculate the highest common factor of 68 and 8908.
68
Calculate the greatest common factor of 1040 and 80.
80
What is the highest common divisor of 135 and 324?
27
What is the greatest common factor of 141 and 3008?
47
What is the greatest common factor of 11 and 32?
1
What is the greatest common factor of 407 and 11?
11
Calculate the highest common divisor of 6531 and 12.
3
Calculate the greatest common factor of 153 and 5406.
51
Calculate the highest common factor of 11 and 77.
11
Calculate the highest common divisor of 11 and 67694.
11
Calculate the greatest common divisor of 325 and 3120.
65
What is the greatest common divisor of 18 and 48?
6
What is the greatest common divisor of 1529 and 11?
11
What is the highest common divisor of 376 and 88?
8
What is the greatest common divisor of 2116 and 184?
92
What is the greatest common divisor of 4 and 106?
2
What is the highest common divisor of 148 and 925?
37
What is the highest common factor of 384 and 48?
48
Calculate the highest common divisor of 10087 and 231.
77
What is the highest common factor of 11812 and 4?
4
Calculate the greatest common factor of 9 and 222.
3
Calculate the highest common factor of 25 and 5.
5
Calculate the greatest common divisor of 115 and 2875.
115
Calculate the highest common factor of 182 and 98.
14
Calculate the greatest common factor of 235 and 188.
47
Calculate the highest common factor of 203 and 87.
29
What is the highest common factor of 126 and 1827?
63
Calculate the highest common divisor of 160 and 4.
4
Calculate the greatest common factor of 749 and 7.
7
What is the greatest common divisor of 103 and 5?
1
Calculate the greatest common factor of 432 and 4068.
36
What is the highest common divisor of 11 and 77?
11
Calculate the greatest common divisor of 18 and 16.
2
What is the greatest common factor of 3 and 219?
3
What is the highest common divisor of 528 and 48?
48
What is the greatest common divisor of 84 and 14?
14
What is the greatest common divisor of 540 and 12?
12
What is the highest common divisor of 2668 and 1012?
92
What is the highest common factor of 410 and 70?
10
Calculate the highest common factor of 55 and 5665.
55
Calculate the highest common factor of 68 and 357.
17
What is the greatest common factor of 280 and 287?
7
Calculate the highest common divisor of 540 and 140.
20
Calculate the greatest common divisor of 36 and 6354.
18
What is the greatest common factor of 203 and 33089?
203
What is the highest common factor of 81 and 243?
81
Calculate the highest common factor of 24 and 24.
24
Calculate the highest common divisor of 176 and 154.
22
What is the highest common divisor of 224 and 14?
14
Calculate the greatest common divisor of 23 and 1058.
23
Calculate the greatest common factor of 2040 and 2280.
120
What is the highest common divisor of 128 and 1552?
16
Calculate the highest common divisor of 33 and 803.
11
Calculate the greatest common divisor of 1066 and 6068.
82
Calculate the greatest common divisor of 994 and 238.
14
What is the highest common divisor of 14756 and 238?
238
What is the highest common factor of 1958 and 22?
22
Calculate the highest common factor of 901 and 170.
17
Calculate the highest common factor of 474 and 1264.
158
Calculate the highest common factor of 60 and 2540.
20
Calculate the greatest common divisor of 438 and 6.
6
What is the highest common factor of 477 and 27?
9
What is the greatest common factor of 392 and 42?
14
Calculate the greatest common factor of 33 and 528.
33
What is the highest common divisor of 18702 and 18?
18
What is the greatest common divisor of 2295 and 5535?
135
What is the greatest common divisor of 7527 and 117?
39
What is the highest common divisor of 176 and 22?
22
What is the greatest common factor of 4 and 108?
4
Calculate the greatest common divisor of 18 and 99.
9
Calculate the highest common factor of 7969 and 26.
13
Calculate the greatest common factor of 488 and 61.
61
What is the highest common divisor of 1596 and 252?
84
Calculate the greatest common factor of 7 and 4.
1
Calculate the highest common factor of 1335 and 60.
15
What is the highest common divisor of 10411 and 29?
29
What is the highest common divisor of 70 and 560?
70
Calculate the highest common factor of 4169 and 77.
11
Calculate the highest common divisor of 291 and 9215.
97
What is the greatest common factor of 55 and 88?